are the prime factors of 157612057?
281, 560897
What are the prime factors of 1742481779?
193, 9028403
What are the prime factors of 524238543?
3, 157, 577, 643
What are the prime factors of 1576717142?
2, 7, 11, 13, 61, 12911
List the prime factors of 1634368990.
2, 5, 163436899
List the prime factors of 54867971.
29, 701, 2699
List the prime factors of 234694363.
234694363
What are the prime factors of 3489108287?
7, 498444041
List the prime factors of 90763482.
2, 3, 97, 277, 563
List the prime factors of 65371337.
173, 179, 2111
What are the prime factors of 200843406?
2, 3, 17, 23, 28537
What are the prime factors of 438869043?
3, 41, 396449
List the prime factors of 87428460.
2, 3, 5, 7, 43, 47, 103
List the prime factors of 6896096192.
2, 107751503
What are the prime factors of 81536112?
2, 3, 7, 59, 457
What are the prime factors of 721523166?
2, 3, 7, 13, 41, 167, 193
List the prime factors of 20741703.
3, 443, 15607
List the prime factors of 199090678.
2, 99545339
List the prime factors of 1635187197.
3, 7, 77866057
What are the prime factors of 1333162207?
13, 37, 137, 20231
What are the prime factors of 228170909?
228170909
What are the prime factors of 45023023?
53, 547, 1553
List the prime factors of 1018191646.
2, 19, 23, 1164979
What are the prime factors of 4540585075?
5, 13, 409, 34159
What are the prime factors of 109252207?
43, 2540749
What are the prime factors of 1872872996?
2, 61, 1097, 6997
List the prime factors of 79015800.
2, 3, 5, 79, 1667
List the prime factors of 50406515.
5, 10081303
List the prime factors of 318438950.
2, 5, 6368779
What are the prime factors of 502875697?
1747, 287851
List the prime factors of 3052186125.
3, 5, 19, 103, 4159
What are the prime factors of 60236562?
2, 3, 10039427
What are the prime factors of 95752668?
2, 3, 11, 725399
What are the prime factors of 36011529?
3, 109, 36709
What are the prime factors of 73098345?
3, 5, 59, 151, 547
What are the prime factors of 25947730?
2, 5, 19, 37, 3691
List the prime factors of 265828479.
3, 7, 571, 3167
List the prime factors of 3294579418.
2, 13, 43, 569, 5179
List the prime factors of 423270724.
2, 307, 344683
List the prime factors of 66096238.
2, 13, 17, 11503
What are the prime factors of 116173882?
2, 11, 5280631
List the prime factors of 14004417.
3, 7, 59, 89, 127
List the prime factors of 346780739.
17, 127, 160621
What are the prime factors of 3272685?
3, 5, 13, 1291
List the prime factors of 1338090771.
3, 227, 1091, 1801
List the prime factors of 107628690.
2, 3, 5, 13, 41, 53, 127
List the prime factors of 142760154.
2, 3, 487, 48857
What are the prime factors of 60352810?
2, 5, 7, 123169
What are the prime factors of 285311399?
285311399
List the prime factors of 174675704.
2, 7, 53, 229, 257
List the prime factors of 1955017803.
3, 29, 37, 607337
List the prime factors of 36417667.
11, 13, 233, 1093
List the prime factors of 399147478.
2, 19, 521, 20161
List the prime factors of 203485183.
11, 18498653
What are the prime factors of 1205738313?
3, 13, 30916367
What are the prime factors of 494486717?
5573, 88729
List the prime factors of 1518056825.
5, 31, 227, 8629
List the prime factors of 203030334.
2, 3, 13, 29, 9973
What are the prime factors of 395389171?
43, 9195097
What are the prime factors of 543491814?
2, 3, 31, 167, 17497
List the prime factors of 11243968.
2, 175687
List the prime factors of 49839788.
2, 12459947
List the prime factors of 126822701.
19, 1277, 5227
List the prime factors of 20762612.
2, 13, 399281
What are the prime factors of 3596008381?
7, 19, 29, 932333
What are the prime factors of 163039141?
83, 1321, 1487
List the prime factors of 94058784.
2, 3, 326593
What are the prime factors of 70340915?
5, 14068183
What are the prime factors of 937870325?
5, 7, 743, 7213
List the prime factors of 69169664.
2, 53, 2549
List the prime factors of 13157612.
2, 13, 401, 631
List the prime factors of 406748913.
3, 135582971
What are the prime factors of 1146239911?
31, 41, 901841
What are the prime factors of 4159592998?
2, 11, 73, 2590033
List the prime factors of 38589087.
3, 2459, 5231
List the prime factors of 954083825.
5, 163, 234131
What are the prime factors of 44418029?
19, 103, 22697
List the prime factors of 69081624.
2, 3, 959467
What are the prime factors of 4409605334?
2, 953, 2313539
List the prime factors of 424803424.
2, 13275107
What are the prime factors of 38465339?
11, 17, 29, 41, 173
List the prime factors of 4387584.
2, 3, 29, 197
What are the prime factors of 3853493?
7, 211, 2609
List the prime factors of 7301377.
19, 571, 673
List the prime factors of 44703573.
3, 443, 33637
What are the prime factors of 497477884?
2, 124369471
List the prime factors of 142748544.
2, 3, 223, 1667
List the prime factors of 154109168.
2, 857, 11239
What are the prime factors of 1443806090?
2, 5, 17, 31, 273967
List the prime factors of 804597479.
7, 409, 281033
List the prime factors of 225397118.
2, 17, 37, 139, 1289
What are the prime factors of 184853696?
2, 2888339
What are the prime factors of 16593838?
2, 8296919
What are the prime factors of 1251994429?
7, 337, 530731
List the prime factors of 6730674072.
2, 3, 43, 107, 60953
List the prime factors of 2516991793.
97, 263, 98663
What are the prime factors of 125412384?
2, 3, 593, 2203
List the prime factors of 400058460.
2, 3, 5, 740849
List the prime factors of 107557772.
2, 7, 563, 6823
What are the prime factors of 201174248?
2, 11, 659, 3469
What are the prime factors of 1373932769?
11, 19, 6573841
List the prime factors of 9435668.
2, 11, 131, 1637
List the prime factors of 1387917080.
2, 5, 11, 3154357
What are the prime factors of 1784380281?
3, 97, 6131891
What are the prime factors of 54384323?
7, 31, 250619
What are the prime factors of 35151197?
19, 59, 31357
What are the prime factors of 101929168?
2, 11, 347, 1669
What are the prime factors of 86502831?
3, 28834277
List the prime factors of 48598541.
48598541
List the prime factors of 6069462157.
11, 23, 23989969
List the prime factors of 65498884.
2, 11, 53, 28087
List the prime factors of 5347204173.
3, 198044599
List the prime factors of 59326287.
3, 149, 132721
What are the prime factors of 552571137?
3, 61396793
What are the prime factors of 44916872?
2, 7, 11, 13, 71, 79
What are the prime factors of 1097253548?
2, 23, 11926669
List the prime factors of 51690528.
2, 3, 29, 2063
What are the prime factors of 46108574?
2, 563, 40949
What are the prime factors of 559998?
2, 3, 53, 587
What are the prime factors of 15974369?
15974369
What are the prime factors of 1464349?
19, 37, 2083
List the prime factors of 424604537.
7, 60657791
What are the prime factors of 36859385?
5, 43, 171439
List the prime factors of 4575953313.
3, 9677, 52541
List the prime factors of 11445919.
317, 36107
List the prime factors of 110982777.
3, 41, 902299
What are the prime factors of 38777759?
41, 945799
List the prime factors of 4326034792.
2, 1259, 429511
What are the prime factors of 1692189139?
109, 191, 81281
What are the prime factors of 64909427?
11, 23, 173, 1483
List the prime factors of 22185595.
5, 17, 211, 1237
What are the prime factors of 873772710?
2, 3, 5, 29125757
List the prime factors of 149040014.
2, 74520007
What are the prime factors of 8539728?
2, 3, 89, 1999
List the prime factors of 251740441.
8233, 30577
What are the prime factors of 597187512?
2, 3, 2764757
What are the prime factors of 432274877?
432274877
List the prime factors of 416798214.
2, 3, 7, 17, 89, 937
What are the prime factors of 218881441?
218881441
List the prime factors of 1422715470.
2, 3, 5, 11, 223, 19333
List the prime factors of 28607186.
2, 14303593
List the prime factors of 389312246.
2, 1787, 108929
What are the prime factors of 4978231975?
5, 17, 349, 33563
List the prime factors of 117634596.
2, 3, 61, 271, 593
List the prime factors of 150835938.
2, 3, 11, 207763
List the prime factors of 1652721690.
2, 3, 5, 5153, 10691
List the prime factors of 625970649.
3, 13259, 15737
What are the prime factors of 299312478?
2, 3, 23, 722977
List the prime factors of 1417383.
3, 11, 103, 139
List the prime factors of 190437844.
2, 131, 363431
List the prime factors of 1373254069.
11, 89, 1402711
What are th